{"id":14,"date":"2012-02-10T17:24:26","date_gmt":"2012-02-10T15:24:26","guid":{"rendered":"http:\/\/moritzbaumgaertner.de\/?page_id=14"},"modified":"2023-02-09T14:19:18","modified_gmt":"2023-02-09T12:19:18","slug":"meyerbaumgartnermeyer","status":"publish","type":"page","link":"http:\/\/moritzbaumgaertner.de\/?page_id=14","title":{"rendered":"MELT Trio"},"content":{"rendered":"<p>NEW ALBUM OUT<\/p>\n<p><a href=\"https:\/\/www.lnk.to\/MeltTrio_Matter\">LINK TREE to ALBUM<\/a><\/p>\n<p><img loading=\"lazy\" decoding=\"async\" class=\"alignleft size-medium wp-image-517\" src=\"http:\/\/moritzbaumgaertner.de\/wp-content\/uploads\/2023\/02\/MT-Consumer-digitalcover-med-300x300.jpg\" alt=\"\" width=\"300\" height=\"300\" srcset=\"http:\/\/moritzbaumgaertner.de\/wp-content\/uploads\/2023\/02\/MT-Consumer-digitalcover-med-300x300.jpg 300w, http:\/\/moritzbaumgaertner.de\/wp-content\/uploads\/2023\/02\/MT-Consumer-digitalcover-med-1024x1024.jpg 1024w, http:\/\/moritzbaumgaertner.de\/wp-content\/uploads\/2023\/02\/MT-Consumer-digitalcover-med-150x150.jpg 150w, http:\/\/moritzbaumgaertner.de\/wp-content\/uploads\/2023\/02\/MT-Consumer-digitalcover-med-768x768.jpg 768w, http:\/\/moritzbaumgaertner.de\/wp-content\/uploads\/2023\/02\/MT-Consumer-digitalcover-med-1536x1536.jpg 1536w, http:\/\/moritzbaumgaertner.de\/wp-content\/uploads\/2023\/02\/MT-Consumer-digitalcover-med.jpg 2000w\" sizes=\"auto, (max-width: 300px) 100vw, 300px\" \/><\/p>\n<p style=\"text-align: left;\">\n<p>new Video<\/p>\n<p><iframe loading=\"lazy\"  id=\"_ytid_36427\"  width=\"580\" height=\"435\"  data-origwidth=\"580\" data-origheight=\"435\" src=\"https:\/\/www.youtube.com\/embed\/9bhr_J5BYdw?enablejsapi=1&#038;autoplay=0&#038;cc_load_policy=0&#038;cc_lang_pref=&#038;iv_load_policy=1&#038;loop=0&#038;rel=1&#038;fs=1&#038;playsinline=0&#038;autohide=2&#038;theme=dark&#038;color=red&#038;controls=1&#038;disablekb=0&#038;\" class=\"__youtube_prefs__  epyt-is-override  no-lazyload\" title=\"YouTube player\"  allow=\"fullscreen; accelerometer; autoplay; clipboard-write; encrypted-media; gyroscope; picture-in-picture; web-share\" referrerpolicy=\"strict-origin-when-cross-origin\" allowfullscreen data-no-lazy=\"1\" data-skipgform_ajax_framebjll=\"\"><\/iframe><\/p>\n<p>Spring 20<\/p>\n<p>working on new trio record!!!<\/p>\n<p>Melt Trio feat. JAN BANG &#8222;INSTANTS&#8220; out now:<\/p>\n<p>get the <a href=\"https:\/\/melttriojanbang.bandcamp.com\/album\/instants\">ALBUM<\/a><\/p>\n<p>Trailor:<\/p>\n<p><iframe loading=\"lazy\"  id=\"_ytid_27912\"  width=\"580\" height=\"326\"  data-origwidth=\"580\" data-origheight=\"326\" src=\"https:\/\/www.youtube.com\/embed\/tSDqryOj_QA?enablejsapi=1&#038;autoplay=0&#038;cc_load_policy=0&#038;cc_lang_pref=&#038;iv_load_policy=1&#038;loop=0&#038;rel=1&#038;fs=1&#038;playsinline=0&#038;autohide=2&#038;theme=dark&#038;color=red&#038;controls=1&#038;disablekb=0&#038;\" class=\"__youtube_prefs__  epyt-is-override  no-lazyload\" title=\"YouTube player\"  allow=\"fullscreen; accelerometer; autoplay; clipboard-write; encrypted-media; gyroscope; picture-in-picture; web-share\" referrerpolicy=\"strict-origin-when-cross-origin\" allowfullscreen data-no-lazy=\"1\" data-skipgform_ajax_framebjll=\"\"><\/iframe><\/p>\n<p>STROY out now:<\/p>\n<p><a name=\"top\"><\/a><\/p>\n<p><center><\/p>\n<table width=\"764\">\n<tbody>\n<tr>\n<td valign=\"top\"><em>Das Melt Trio spielt und schreibt eine Musik, die so voller Leben ist, dass man gar nicht genug von ihr bekommen kann.&#8220;\u00a0<\/em>Jazzpodium, Thorsten Hingst, 11\/2013<\/p>\n<p><em>Es ist sicher nicht vermessen zu behaupten, dass derzeit keine deutsche Band so klingt wie das Melt Trio. Die Souver\u00e4nit\u00e4t, mit der Meyer, Meyer und Baumg\u00e4rtner zwischen klaren Konturen und sich \u00f6ffnenden Formen, wunderbarem Melodie- und Klangreichtum, interessanten Harmonien und rhythmischen Finessen changieren, setzt einen Wegweiser in die europ\u00e4ische Musiklandschaft.<\/em> Norbert Krampf 8\/2016<\/p>\n<p><em>\u201eSelten haben wir so ein elektrisches Gitarrentrio so frisch, r\u00e4umlich und &#8218;akustisch&#8216; erlebt.\u201c\u00a0<\/em>Jazzzeitung, Stefan Pieper, 11\/2013<\/p>\n<p><center><\/center><\/td>\n<\/tr>\n<\/tbody>\n<\/table>\n<p><\/center><a name=\"top\"><\/a><\/p>\n<p><a href=\"http:\/\/moritzbaumgaertner.de\/wp-content\/uploads\/2013\/10\/309_cover_front.jpg\" rel=\"attachment wp-att-315\"><img loading=\"lazy\" decoding=\"async\" class=\"alignnone size-medium wp-image-315\" src=\"http:\/\/moritzbaumgaertner.de\/wp-content\/uploads\/2013\/10\/309_cover_front-300x300.jpg\" alt=\"309_cover_front\" width=\"300\" height=\"300\" srcset=\"http:\/\/moritzbaumgaertner.de\/wp-content\/uploads\/2013\/10\/309_cover_front-300x300.jpg 300w, http:\/\/moritzbaumgaertner.de\/wp-content\/uploads\/2013\/10\/309_cover_front-150x150.jpg 150w, http:\/\/moritzbaumgaertner.de\/wp-content\/uploads\/2013\/10\/309_cover_front.jpg 340w\" sizes=\"auto, (max-width: 300px) 100vw, 300px\" \/><\/a><\/p>\n<p><a href=\"http:\/\/www.amazon.de\/exec\/obidos\/ASIN\/B01HC94A66\/traumton\">ORDER<\/a><\/p>\n<p><a href=\"https:\/\/itunes.apple.com\/de\/album\/stroy-feat.-peter-meyer-bernhard\/id1127801274\">iTunes<\/a><\/p>\n<p>Writing new material for 3rd Album and thinking about our collaboration with JAN BANG a lot at XJazz Berlin May7th!!!<\/p>\n<p>MELT Trio \u00a0new Record HYMNOLIA out \u00a0Nov. 8th<\/p>\n<p><a href=\"http:\/\/moritzbaumgaertner.de\/wp-content\/uploads\/2012\/02\/249_cover_front_300.jpg\"><img loading=\"lazy\" decoding=\"async\" class=\"alignnone size-medium wp-image-109\" src=\"http:\/\/moritzbaumgaertner.de\/wp-content\/uploads\/2012\/02\/249_cover_front_300-300x300.jpg\" alt=\"Melttrio Hymnolia\" width=\"300\" height=\"300\" srcset=\"http:\/\/moritzbaumgaertner.de\/wp-content\/uploads\/2012\/02\/249_cover_front_300-300x300.jpg 300w, http:\/\/moritzbaumgaertner.de\/wp-content\/uploads\/2012\/02\/249_cover_front_300-150x150.jpg 150w, http:\/\/moritzbaumgaertner.de\/wp-content\/uploads\/2012\/02\/249_cover_front_300-1024x1024.jpg 1024w, http:\/\/moritzbaumgaertner.de\/wp-content\/uploads\/2012\/02\/249_cover_front_300.jpg 1200w\" sizes=\"auto, (max-width: 300px) 100vw, 300px\" \/><\/a><\/p>\n<p><a href=\"http:\/\/www.amazon.de\/Hymnolia-Melt-Trio-Meyer-Baumg\u00e4rtner\/dp\/B00E83P1VS\">buy<\/a><\/p>\n<p><a href=\"http:\/\/www.melttrio.com\/?page_id=27\">check<\/a><\/p>\n<p>HYMNOLIA Release Tour 2013 -2014<\/p>\n<p>06.11.2013 \u00a0 \u00a0 Krakua (PL), Piecart<br \/>\n07.11.2013\u00a0 \u00a0\u00a0 Krakau (PL), Piecart<br \/>\n12.11.2013 \u00a0 \u00a0 Berlin, A-Trane<br \/>\n14.11.2013 \u00a0 \u00a0 Weimar, Kasseturm<br \/>\n15.11.2013 \u00a0 \u00a0 Leipzig, Handstand und Moral<br \/>\n17.11.2013 \u00a0 \u00a0 K\u00f6ln, ABS<br \/>\n18.11.2013 \u00a0 \u00a0 Offenbach, Labor<br \/>\n19.11.2013 \u00a0 \u00a0 Aachen, Common Sense<br \/>\n26.11.2013 \u00a0 \u00a0 Hamburg, Bar 227<br \/>\n27.11.2013 \u00a0 \u00a0 Bremen, Moments<br \/>\n28.11.2013 \u00a0 \u00a0 Dresden, Tonne<br \/>\n29.11.2013 \u00a0 \u00a0 Chemnitz, Jazzyourass<br \/>\n30.11.2013 \u00a0 \u00a0 M\u00fcnchen, Unterfahrt<br \/>\n01.12.2013 \u00a0 \u00a0 Ulm, Griesbadgalerie<br \/>\n13.02.2014 \u00a0 \u00a0 Schwerin, Klangwert<br \/>\n14.02.2014 \u00a0 \u00a0 L\u00fcbeck, Live CV<br \/>\n15.02.2014 \u00a0 \u00a0 Oldenburg, Jazzclub Alluvium<br \/>\n16.02.2014 \u00a0 \u00a0 Kiel, Kulturforum<br \/>\n23.05.2014 \u00a0 \u00a0 Einbeck, Kultur im Esel<\/p>\n<p><img decoding=\"async\" src=\"http:\/\/moritzbaumgaertner.de\/wp-content\/uploads\/2012\/02\/208_cover_front.jpg\" alt=\"\" width=\"300\" \/><\/p>\n<p><a href=\"http:\/\/itunes.apple.com\/de\/preorder\/melt\/id455298404\" target=\"_blank\" rel=\"noopener noreferrer\"><img decoding=\"async\" src=\"http:\/\/ax.phobos.apple.com.edgesuite.net\/images\/badgeitunes61x15dark.gif\" alt=\"\" border=\"0\" \/><\/a> \u00a0\u00a0 <a href=\"http:\/\/www.amazon.de\/dp\/B005DO4MH0?tag=traumton&amp;link_code=as3&amp;creativeASIN=B005DO4MH0&amp;creative=9386&amp;camp=2514\" target=\"_blank\" rel=\"noopener noreferrer\"><strong>amazon.de<\/strong><\/a><\/p>\n<p>Aktuelles Album: Melt<br \/>\nV\u00d6: 09.09.2011<br \/>\nTraumton Records\/INDIGO UPC 705304455722<\/p>\n<p><span style=\"color: #0000ff;\"><em><strong><a title=\"Meyer\/Baumg\u00e4rtner\/Meyer Webpage\" href=\"http:\/\/www.meyer-music.de\/?page_id=51\">www.meyer-music.de\/?page_id=51<\/a><\/strong><\/em><\/span><\/p>\n<p><strong>Peter Meyer<\/strong>\u00a0\u2013 guitar<br \/>\n<strong>Bernhard Meyer<\/strong>\u00a0\u2013 bass<br \/>\n<strong>Moritz Baumg\u00e4rtner<\/strong>\u00a0\u2013 drums<\/p>\n<p>BOOKING contact:<\/p>\n<p>Janos G\u00fclker <a href=\"http:\/\/www.pojpoj.com\">pojpoj booking<\/a><\/p>\n","protected":false},"excerpt":{"rendered":"<p>NEW ALBUM OUT LINK TREE to ALBUM new Video Spring 20 working on new trio record!!! Melt Trio feat. JAN BANG &#8222;INSTANTS&#8220; out now: get the ALBUM Trailor: STROY out now: Das Melt Trio spielt und schreibt eine Musik, die so voller Leben ist, dass man gar nicht genug von ihr bekommen kann.&#8220;\u00a0Jazzpodium, Thorsten Hingst, [&hellip;]<\/p>\n","protected":false},"author":1,"featured_media":0,"parent":0,"menu_order":2,"comment_status":"open","ping_status":"closed","template":"","meta":{"footnotes":""},"class_list":["post-14","page","type-page","status-publish","hentry"],"_links":{"self":[{"href":"http:\/\/moritzbaumgaertner.de\/index.php?rest_route=\/wp\/v2\/pages\/14","targetHints":{"allow":["GET"]}}],"collection":[{"href":"http:\/\/moritzbaumgaertner.de\/index.php?rest_route=\/wp\/v2\/pages"}],"about":[{"href":"http:\/\/moritzbaumgaertner.de\/index.php?rest_route=\/wp\/v2\/types\/page"}],"author":[{"embeddable":true,"href":"http:\/\/moritzbaumgaertner.de\/index.php?rest_route=\/wp\/v2\/users\/1"}],"replies":[{"embeddable":true,"href":"http:\/\/moritzbaumgaertner.de\/index.php?rest_route=%2Fwp%2Fv2%2Fcomments&post=14"}],"version-history":[{"count":34,"href":"http:\/\/moritzbaumgaertner.de\/index.php?rest_route=\/wp\/v2\/pages\/14\/revisions"}],"predecessor-version":[{"id":526,"href":"http:\/\/moritzbaumgaertner.de\/index.php?rest_route=\/wp\/v2\/pages\/14\/revisions\/526"}],"wp:attachment":[{"href":"http:\/\/moritzbaumgaertner.de\/index.php?rest_route=%2Fwp%2Fv2%2Fmedia&parent=14"}],"curies":[{"name":"wp","href":"https:\/\/api.w.org\/{rel}","templated":true}]}}

<p>NEW ALBUM OUT</p>
<p><a href="https://www.lnk.to/MeltTrio_Matter">LINK TREE to ALBUM</a></p>
<p><img loading="lazy" decoding="async" class="alignleft size-medium wp-image-517" src="http://moritzbaumgaertner.de/wp-content/uploads/2023/02/MT-Consumer-digitalcover-med-300x300.jpg" alt="" width="300" height="300" srcset="http://moritzbaumgaertner.de/wp-content/uploads/2023/02/MT-Consumer-digitalcover-med-300x300.jpg 300w, http://moritzbaumgaertner.de/wp-content/uploads/2023/02/MT-Consumer-digitalcover-med-1024x1024.jpg 1024w, http://moritzbaumgaertner.de/wp-content/uploads/2023/02/MT-Consumer-digitalcover-med-150x150.jpg 150w, http://moritzbaumgaertner.de/wp-content/uploads/2023/02/MT-Consumer-digitalcover-med-768x768.jpg 768w, http://moritzbaumgaertner.de/wp-content/uploads/2023/02/MT-Consumer-digitalcover-med-1536x1536.jpg 1536w, http://moritzbaumgaertner.de/wp-content/uploads/2023/02/MT-Consumer-digitalcover-med.jpg 2000w" sizes="auto, (max-width: 300px) 100vw, 300px" /></p>
<p style="text-align: left;">
<p>new Video</p>
<p><iframe loading="lazy"  id="_ytid_36427"  width="580" height="435"  data-origwidth="580" data-origheight="435" src="https://www.youtube.com/embed/9bhr_J5BYdw?enablejsapi=1&#038;autoplay=0&#038;cc_load_policy=0&#038;cc_lang_pref=&#038;iv_load_policy=1&#038;loop=0&#038;rel=1&#038;fs=1&#038;playsinline=0&#038;autohide=2&#038;theme=dark&#038;color=red&#038;controls=1&#038;disablekb=0&#038;" class="__youtube_prefs__  epyt-is-override  no-lazyload" title="YouTube player"  allow="fullscreen; accelerometer; autoplay; clipboard-write; encrypted-media; gyroscope; picture-in-picture; web-share" referrerpolicy="strict-origin-when-cross-origin" allowfullscreen data-no-lazy="1" data-skipgform_ajax_framebjll=""></iframe></p>
<p>Spring 20</p>
<p>working on new trio record!!!</p>
<p>Melt Trio feat. JAN BANG &#8222;INSTANTS&#8220; out now:</p>
<p>get the <a href="https://melttriojanbang.bandcamp.com/album/instants">ALBUM</a></p>
<p>Trailor:</p>
<p><iframe loading="lazy"  id="_ytid_27912"  width="580" height="326"  data-origwidth="580" data-origheight="326" src="https://www.youtube.com/embed/tSDqryOj_QA?enablejsapi=1&#038;autoplay=0&#038;cc_load_policy=0&#038;cc_lang_pref=&#038;iv_load_policy=1&#038;loop=0&#038;rel=1&#038;fs=1&#038;playsinline=0&#038;autohide=2&#038;theme=dark&#038;color=red&#038;controls=1&#038;disablekb=0&#038;" class="__youtube_prefs__  epyt-is-override  no-lazyload" title="YouTube player"  allow="fullscreen; accelerometer; autoplay; clipboard-write; encrypted-media; gyroscope; picture-in-picture; web-share" referrerpolicy="strict-origin-when-cross-origin" allowfullscreen data-no-lazy="1" data-skipgform_ajax_framebjll=""></iframe></p>
<p>STROY out now:</p>
<p><a name="top"></a></p>
<p><center></p>
<table width="764">
<tbody>
<tr>
<td valign="top"><em>Das Melt Trio spielt und schreibt eine Musik, die so voller Leben ist, dass man gar nicht genug von ihr bekommen kann.&#8220; </em>Jazzpodium, Thorsten Hingst, 11/2013</p>
<p><em>Es ist sicher nicht vermessen zu behaupten, dass derzeit keine deutsche Band so klingt wie das Melt Trio. Die Souveränität, mit der Meyer, Meyer und Baumgärtner zwischen klaren Konturen und sich öffnenden Formen, wunderbarem Melodie- und Klangreichtum, interessanten Harmonien und rhythmischen Finessen changieren, setzt einen Wegweiser in die europäische Musiklandschaft.</em> Norbert Krampf 8/2016</p>
<p><em>„Selten haben wir so ein elektrisches Gitarrentrio so frisch, räumlich und &#8218;akustisch&#8216; erlebt.“ </em>Jazzzeitung, Stefan Pieper, 11/2013</p>
<p><center></center></td>
</tr>
</tbody>
</table>
<p></center><a name="top"></a></p>
<p><a href="http://moritzbaumgaertner.de/wp-content/uploads/2013/10/309_cover_front.jpg" rel="attachment wp-att-315"><img loading="lazy" decoding="async" class="alignnone size-medium wp-image-315" src="http://moritzbaumgaertner.de/wp-content/uploads/2013/10/309_cover_front-300x300.jpg" alt="309_cover_front" width="300" height="300" srcset="http://moritzbaumgaertner.de/wp-content/uploads/2013/10/309_cover_front-300x300.jpg 300w, http://moritzbaumgaertner.de/wp-content/uploads/2013/10/309_cover_front-150x150.jpg 150w, http://moritzbaumgaertner.de/wp-content/uploads/2013/10/309_cover_front.jpg 340w" sizes="auto, (max-width: 300px) 100vw, 300px" /></a></p>
<p><a href="http://www.amazon.de/exec/obidos/ASIN/B01HC94A66/traumton">ORDER</a></p>
<p><a href="https://itunes.apple.com/de/album/stroy-feat.-peter-meyer-bernhard/id1127801274">iTunes</a></p>
<p>Writing new material for 3rd Album and thinking about our collaboration with JAN BANG a lot at XJazz Berlin May7th!!!</p>
<p>MELT Trio  new Record HYMNOLIA out  Nov. 8th</p>
<p><a href="http://moritzbaumgaertner.de/wp-content/uploads/2012/02/249_cover_front_300.jpg"><img loading="lazy" decoding="async" class="alignnone size-medium wp-image-109" src="http://moritzbaumgaertner.de/wp-content/uploads/2012/02/249_cover_front_300-300x300.jpg" alt="Melttrio Hymnolia" width="300" height="300" srcset="http://moritzbaumgaertner.de/wp-content/uploads/2012/02/249_cover_front_300-300x300.jpg 300w, http://moritzbaumgaertner.de/wp-content/uploads/2012/02/249_cover_front_300-150x150.jpg 150w, http://moritzbaumgaertner.de/wp-content/uploads/2012/02/249_cover_front_300-1024x1024.jpg 1024w, http://moritzbaumgaertner.de/wp-content/uploads/2012/02/249_cover_front_300.jpg 1200w" sizes="auto, (max-width: 300px) 100vw, 300px" /></a></p>
<p><a href="http://www.amazon.de/Hymnolia-Melt-Trio-Meyer-Baumgärtner/dp/B00E83P1VS">buy</a></p>
<p><a href="http://www.melttrio.com/?page_id=27">check</a></p>
<p>HYMNOLIA Release Tour 2013 -2014</p>
<p>06.11.2013     Krakua (PL), Piecart<br />
07.11.2013     Krakau (PL), Piecart<br />
12.11.2013     Berlin, A-Trane<br />
14.11.2013     Weimar, Kasseturm<br />
15.11.2013     Leipzig, Handstand und Moral<br />
17.11.2013     Köln, ABS<br />
18.11.2013     Offenbach, Labor<br />
19.11.2013     Aachen, Common Sense<br />
26.11.2013     Hamburg, Bar 227<br />
27.11.2013     Bremen, Moments<br />
28.11.2013     Dresden, Tonne<br />
29.11.2013     Chemnitz, Jazzyourass<br />
30.11.2013     München, Unterfahrt<br />
01.12.2013     Ulm, Griesbadgalerie<br />
13.02.2014     Schwerin, Klangwert<br />
14.02.2014     Lübeck, Live CV<br />
15.02.2014     Oldenburg, Jazzclub Alluvium<br />
16.02.2014     Kiel, Kulturforum<br />
23.05.2014     Einbeck, Kultur im Esel</p>
<p><img decoding="async" src="http://moritzbaumgaertner.de/wp-content/uploads/2012/02/208_cover_front.jpg" alt="" width="300" /></p>
<p><a href="http://itunes.apple.com/de/preorder/melt/id455298404" target="_blank" rel="noopener noreferrer"><img decoding="async" src="http://ax.phobos.apple.com.edgesuite.net/images/badgeitunes61x15dark.gif" alt="" border="0" /></a>    <a href="http://www.amazon.de/dp/B005DO4MH0?tag=traumton&amp;link_code=as3&amp;creativeASIN=B005DO4MH0&amp;creative=9386&amp;camp=2514" target="_blank" rel="noopener noreferrer"><strong>amazon.de</strong></a></p>
<p>Aktuelles Album: Melt<br />
VÖ: 09.09.2011<br />
Traumton Records/INDIGO UPC 705304455722</p>
<p><span style="color: #0000ff;"><em><strong><a title="Meyer/Baumgärtner/Meyer Webpage" href="http://www.meyer-music.de/?page_id=51">www.meyer-music.de/?page_id=51</a></strong></em></span></p>
<p><strong>Peter Meyer</strong> – guitar<br />
<strong>Bernhard Meyer</strong> – bass<br />
<strong>Moritz Baumgärtner</strong> – drums</p>
<p>BOOKING contact:</p>
<p>Janos Gülker <a href="http://www.pojpoj.com">pojpoj booking</a></p>
